 of z(p). Give r(-4).
-1
Let t(h) = -h + 10. Let s(l) = -4*l - 4. Let r(d) = -3*d - 3. Let f(q) = 3*r(q) - 2*s(q). Let b(u) = -2*f(u) + t(u). What is b(0)?
12
Let b(g) = -2*g**3 + g**2 + 3*g - 2. Suppose -n + 8 = 1. Let r = 4 - n. Let j be 2/(-3*1/r). Give b(j).
-8
Let x(j) be the first derivative of 0*j**2 + 1/24*j**5 - 1 + 1/24*j**4 - 2/3*j**3 + 0*j. Let c(r) be the third derivative of x(r). Determine c(1).
6
Let a(u) = -2*u + 7. Let b be a(6). Let s(q) = -q**3 - 4*q**2 + 5*q - 6. Determine s(b).
-6
Let a(k) be the first derivative of k**2/2 + k - 6. What is a(4)?
5
Let h(j) = -8*j. Suppose -4*c + 19 = 5*q - c, 3*c - 13 = -2*q. Let i be 3/q - (-9)/(-18). Give h(i).
-8
Let f(o) = o**2 - 2*o + 7. Let n(z) = 7*z**2 - 7*z + 5. Let k be n(1). Calculate f(k).
22
Let a(p) = p**2 - 2*p + 1. Let x be (8/(-10))/((-34)/85). Give a(x).
1
Let n(j) be the second derivative of -j**3/6 + 7*j**2/2 - 2*j - 22. What is n(5)?
2
Let r(a) = a**3 + a**2 - 2*a - 2. Suppose 7*f = -6 - 8. Calculate r(f).
-2
Let a(r) = 3*r**2 - r + 0*r**2 + 1 + 3*r**2. Let u(z) = 28*z + 85. Let d be u(-3). What is a(d)?
6
Let n(o) = -2*o**2 + o - 1. Suppose -2*l = -l + 14. Let d be 1 - l/((-2)/1). Let h(p) = p + 8. Let v be h(d). Give n(v).
-7
Suppose -6*v + v = 30. Let l(x) = -x**3 - 6*x**2 - 2*x - 6. Determine l(v).
6
Let v be 1 + -2 + -2 - 1. Let p(u) = u**2 + 7*u - 4. What is p(v)?
-16
Let y(w) = 13*w**2 + w - 2. Let t(j) = 12*j**2 + j - 1. Let h(u) = 3*t(u) - 2*y(u). Calculate h(-1).
10
Let w(b) = -7*b - 8*b - 22 + 7*b + 26 + b**2. Calculate w(6).
-8
Let d(q) = -4*q**2 + 4*q + 5. Let r(o) = -o**2 - o - 1. Let f(a) = -5*a**2 - 3*a - 3. Let i(y) = -f(y) + 4*r(y). Let j(g) = -2*d(g) - 10*i(g). Give j(2).
-4
Let f(d) = -d + 2. Let l = 36 - 51. Let u = 15 + l. What is f(u)?
2
Let j = 6 - 8. Let s = -1 - j. Let v(a) = -3*a + s - a**2 - 1 - 3 + 1. Determine v(-4).
-6
Let i(c) = 5 + c + 0*c + 6. Let o be 3 - (4/(-2))/(-2). Suppose 0 = o*s - 2 + 12. Give i(s).
6
Let l(a) = 2*a**3 - 2*a**2 - 3*a + 2. Let i(s) = s + 11. Let m be i(-9). Give l(m).
4
Let o(g) = -g**3 - 5*g**2 + 5*g - 7. Let f be (-27)/3 - (-1 + -2). Calculate o(f).
-1
Let i(t) be the second derivative of t**6/120 - t**5/30 - t**4/6 + 3*t**2/2 - 2*t. Let n(a) be the first derivative of i(a). Give n(3).
-3
Let o(v) = 13*v**3 + v**2. Suppose -8 + 6 = w. Let h be 1*(-1 + w + 4). Determine o(h).
14
Let c be 12/(-16) - 7/(-4). Let g(n) = 0 + c + 8*n - 5*n - 4*n. Determine g(5).
-4
Let s(u) = -5*u - u**2 + 6*u**2 - 4*u**2. Suppose 2*g - 5*k - 23 = 0, -2*k + 5*k - 73 = -5*g. Suppose -4 = 2*v - g. Give s(v).
0
Let o(z) = -z**3 + 3*z**2 + 6*z - 6. Let t be o(4). Let k(r) be the third derivative of -t*r**2 + 0*r + 0 - 1/6*r**3 + 1/6*r**5 - 1/24*r**4. Calculate k(-1).
10
Let c(r) = -3*r**3 - 3*r**2 + 7*r + 2 + 2*r**3 - r**2. Let k = -11 - -6. Determine c(k).
-8
Let c be 3/4 - 18/(-8). Let v(f) = -1 + 4 + f**c - 4 - f. Suppose 2*x - 7 = 5*o + 6, 0 = -5*x + 20. Give v(o).
-1
Let q = -36 - -41. Let t(w) = w**3 - 5*w**2 + 3. Determine t(q).
3
Let d(p) be the third derivative of 5/24*p**4 + 0 + 0*p - 1/60*p**5 + 4/3*p**3 + 2*p**2. Give d(6).
2
Let p(b) be the third derivative of 7/6*b**3 + 0*b + 7/24*b**4 - 3*b**2 + 1/60*b**5 + 0. Give p(-6).
1
Let c(v) = 8*v**2 + 2*v + 1. Let r be c(-1). Let l(q) = -q**2 + 8*q - 2. Let m be l(r). Let a(n) = 3*n**2 + 6*n - 1 - 4*n**2 + 2. What is a(m)?
6
Let k be 20 + (0 - (1 + 0)). Suppose 3*z = w - 15, -4*z - k = -0*w - w. Let t(u) = -u**3 + 3*u**2 - u + 4. What is t(w)?
1
Let b(x) = -x**2 + 7*x - 1. Suppose -134*p + 133*p = -7. Give b(p).
-1
Let s(c) = -c - 4. Suppose -g = -2*p + 38, -3*p + 30 = -p - 5*g. Suppose -p = -2*q - 3*q. What is s(q)?
-8
Let m(b) = -4 + 1 + 2 + 3*b - 5*b. Suppose 3*x = 3*t - 6, 5*t = -0 - 20. Calculate m(x).
11
Let r be 20/15*(-6)/4. Let y = 4 + r. Suppose 4*z + 6 = y. Let c(m) = m**2. Determine c(z).
1
Let a(g) = g**2 + 6*g + 4. Let f be a(-4). Let i(m) = -m**2 - 5*m - 4. Calculate i(f).
0
Let p(w) = 4*w**3 - 5*w**2 - 7*w - 4. Let c(z) = z**3. Let x(l) = -5*c(l) + p(l). Calculate x(-4).
8
Let s = -46 + 47. Let r(z) = 2*z - 4*z - 3 + 2. What is r(s)?
-3
Let p(o) = -3 - 5*o - o**2 - 3 + 2. Let a be 2*5*(-3 + 2). Let c be 34/(-10) - 4/a. Calculate p(c).
2
Suppose -6*i = -3*i - 33. Suppose -i = -2*q - 3. Suppose u - 9 = -4*f, -u - 19 = -4*u - q*f. Let j(w) = -w**2 + 3*w + 4. Determine j(u).
-6
Let q(n) = -n**2 + n. Let j(a) = -3*a + 2. Let m be j(1). What is q(m)?
-2
Let k(u) be the second derivative of -1/12*u**4 - 2*u + 1/2*u**2 + 0 + 2/3*u**3. Let y = 98 - 96. Calculate k(y).
5
Let y(g) = 6*g + 3. Let n(k) = 3*k**2 + 5*k + 1. Let u be n(-2). What is y(u)?
21
Let y(k) = k + 10. Suppose -4 = -4*h, 3 = 5*d + 2*h + 1. Give y(d).
10
Let h(r) be the third derivative of -r**5/60 + 5*r**4/24 - 4*r**3/3 - 15*r**2. Give h(6).
-14
Suppose 0 = 5*a - 0*a + 3*x + 25, x - 3 = 4*a. Let g(k) = -4*k - 1. Determine g(a).
7
Suppose 0 = 5*b + 20 + 5. Let i(d) = 3*d**3 + d**2 - 1. Let c(v) = -2*v**3 - v**2 + 1. Let k(h) = b*c(h) - 4*i(h). Give k(-1).
2
Let c(i) = -7*i**3 - i**2 - 6*i + 12. Let h(v) = -3*v**3 - 3*v + 6. Let y(p) = -4*c(p) + 9*h(p). Calculate y(-5).
-4
Suppose -28 = -5*h + 2*h + 4*v, -3*h = 5*v + 8. Let y(j) = j**2 - 6*j**2 + 4*j**2 + 2*j + 2. Calculate y(h).
-6
Suppose 12 = -12*j + 6*j. Let c(w) = w. Determine c(j).
-2
Let w(d) = -2*d + 2*d + d. Give w(-5).
-5
Let h = -6 + 1. Let m(n) be the first derivative of -n**3/3 - 2*n**2 - n + 55. Give m(h).
-6
Let h(i) = 14*i**2 + 2*i + 1. Let m be h(-1). Suppose -5*x - m = 7. Let y(l) = -l**3 - 4*l**2 - l - 5. What is y(x)?
-1
Let x(t) = t**3 + 6*t**2 - t - 5. Let a be ((1 - 0)*1)/((-7)/35). Determine x(a).
25
Let c(g) be the third derivative of g**5/30 + 3*g**4/8 + g**3/3 - 16*g**2. What is c(-6)?
20
Let f(k) = 3*k**3 + 5*k**2 - 23. Let b(o) = o**3 + 2*o**2 - 11. Let g(x) = 5*b(x) - 2*f(x). What is g(0)?
-9
Let o(i) = i**2 + 2*i + 4. Let a(r) = -r**3 - 2*r**2 + 4*r - 1. Let h be a(-3). What is o(h)?
12
Let k(h) = h + 3. Let o(l) = 2*l + 5. Let a be o(5). Suppose -3*s = 2*s - a. Suppose -6 = -s*b - 18. Determine k(b).
-1
Let y be 4/(-2)*(-3)/2. Let z(m) = m**y - 1 - 3*m - 4*m**2 - m + 0. Suppose 3*h = -2*g + h, g - 25 = 4*h. What is z(g)?
4
Let w(n) = n**2 - 7*n - 3. Let r be w(7). Let y be r/(-3)*(2 - 6). Let k(f) = -2*f - 3. Give k(y).
5
Let a(o) = -o**3 + 7*o**2 - 4*o - 8. Let t(f) = f**2 + 15*f - 28. Let y be t(-17). Give a(y).
4
Let m(u) = -u - 1. Suppose 2*s - 2*g + 6 = -0*g, 3*g - 13 = -s. Determine m(s).
-2
Let o(i) = -i**3 + 10*i**2. Let h be o(10). Suppose h = y - 3*y. Suppose -2*k + 1 - 3 = y. Let p(n) = 3*n**3 - n**2 + n + 1. Calculate p(k).
-4
Let o be 4/(-12) - 14/(-6). Let y = 3 + -1. Let c(v) = 0 + 5*v**2 - o*v**y - 3*v + 2. What is c(2)?
8
Let c(k) = k**2 - k + 1. Let v(s) = s**3 + 8*s**2 - 4*s + 4. Let r(m) = 6*c(m) - v(m). Suppose 3*x - 2*x + 2 = 0. Determine r(x).
6
Let d(q) = -4*q**3 - 2*q**2 - 9*q + 1. Suppose 4*b + 1 - 5 = 0. Let k(i) = i**3 + i**2 + i. Let z(f) = b*d(f) + 5*k(f). Give z(-4).
1
Let k(n) be the third derivative of n**6/120 - n**4/24 + n**3/2 - n**2. Suppose 7*f + 10 = 2*f. Let r be -1*(f/(-2) - 1). Calculate k(r).
3
Let q(a) = a**2 + 5*a. Let f = 29 - 33. Give q(f).
-4
Let l be -12*(8/12)/2. Let w(s) = s**3 + 4*s**2 - s - 2. Determine w(l).
2
Let o(u) = 0*u**2 + u**2 - 3 + 2 + 2*u. Let q be (-66)/(-11)*(-4)/8. Give o(q).
2
Let q(f) = -11*f**2 - 5. Suppose -2*r + 1 = 13. Let k(b) = -21*b**2 - 9. Let g(t) = r*k(t) + 11*q(t). Give g(1).
4
Let f(b) = -b**3 + 5*b**2 + b - 4. Let i = -2 + 5. Let p = 8 - i. Give f(p).
1
Let l(z) = -z**2 + z + 2. Let p be (2/(-1))/(8/(-44)). Let n = -8 + p. Calculate l(n).
-4
Let o(t) = -t**2 + 4*t - 5. Suppose p + 9 = 4*p. Suppose -4*k - 10 = -0*k + u, -4*k - p*u = 6. Let f be 2/k*(1 - 7). Calculate o(f).
-5
Let p(q) = -q - 7 + 1 + 4 + 3. Let c(l) = 7*l - 4. Let j(k) = -c(k) - 5*p(k). Calculate j(-3).
5
Let h(b) = -2*b**2 - 5*b - 1. Suppose 4*n - g - 3*g = 0, 9 = n + 2*g. Let f(m) = 3*m**2 + 2*m**2 + 5*m - 2*m**2. Let p(y) = n*f(y) + 4*h(y). What is p(4)?
-8
Let i(q) be the first derivative of -q**2/2 - 3*q - 19. Give i(0).
-3
Let l(o) = 5*o**3 - 2*o**2 + 1. Suppose 10 = 5*c + 15. Calculate l(c).
-6
Suppose 3*n = n + 6. Let v(g) = -g + 1. Give v(n).
-2
Let q(d) = d - 11. Let